{"id":993,"date":"2015-04-01T09:57:55","date_gmt":"2015-04-01T09:57:55","guid":{"rendered":"http:\/\/naturschoen-kosmetik.de\/?page_id=993"},"modified":"2015-04-01T19:52:48","modified_gmt":"2015-04-01T19:52:48","slug":"mesoporation","status":"publish","type":"page","link":"http:\/\/word.naturschoen-kosmetik.de\/?page_id=993","title":{"rendered":"MESOPORATION"},"content":{"rendered":"<table border=\"0\" cellspacing=\"0\" cellpadding=\"0\">\n<tbody>\n<tr>\n<td>\n<h1><strong>Mesoporation &#8211; <br \/>Die sanfte  Anti-Aging Waffe<\/strong><\/h1>\n<tr>\n<td>\n<ul>\n<li style=\"text-indent: 30px;\"><strong>Hautverj\u00fcngung<\/strong><\/li>\n<li style=\"text-indent: 30px;\"><strong>Gl\u00e4ttung<\/strong><\/li>\n<li style=\"text-indent: 30px;\"><strong>Straffung<\/strong><\/li>\n<li style=\"text-indent: 30px;\"><strong>Cellulitereduktion<\/strong><\/li>\n<li style=\"text-indent: 30px;\"><strong>bei Couperose<\/strong><\/li>\n<li style=\"text-indent: 30px;\"><strong>gegen unreine Haut<\/strong><\/li>\n<li style=\"text-indent: 30px;\"><strong>bei Hyperpigmentierungen<\/strong><\/li>\n<\/ul>\n<\/td>\n<\/tr>\n<tr>\n<td>\n<h2><strong>Was ist Mesoporation?<\/strong><\/h2>\n<p>Mesoporation ist im Bereich der \u00e4sthetischen Kosmetik die derzeit innovativste und effektivste Methode, um Wirkstoffe in tiefere Hautschichten zu transportieren, ohne diese dabei zu verletzen.<\/p>\n<p>Die Methode ist so einfach wie genial:<br \/>\nEin durch elektrische Impulse erzeugtes Spannungsfeld kann f\u00fcr Sekundenbruchteile winzige, in der Haut befindliche Kan\u00e4le so weit \u00f6ffnen , dass Wirkstoffe tiefer als bisher in der Kosmetik m\u00f6glich, in die Haut eingebracht werden k\u00f6nnen.<br \/>\nDadurch sind meist schon nach der ersten Behandlung sensationelle Resultate sicht- und sp\u00fcrbar, die vor allem auch durch die Nachhaltigkeit beeindrucken.<br \/>\nDieser Vorgang dauert ja nach Behandlungsareal ca. 30-45 Minuten und ist schmerz- und komplikationslos.<\/p>\n<p><img loading=\"lazy\" decoding=\"async\" src=\"http:\/\/naturschoen-kosmetik.de\/wp-content\/uploads\/2014\/09\/Meso_Cellulitebehandlung_k.jpg\" alt=\"\" title=\"Meso_Cellulitebehandlung_k\" width=\"430\" height=\"286\" class=\"aligncenter size-full wp-image-914\" srcset=\"http:\/\/word.naturschoen-kosmetik.de\/wp-content\/uploads\/2014\/09\/Meso_Cellulitebehandlung_k.jpg 430w, http:\/\/word.naturschoen-kosmetik.de\/wp-content\/uploads\/2014\/09\/Meso_Cellulitebehandlung_k-300x199.jpg 300w\" sizes=\"auto, (max-width: 430px) 100vw, 430px\" \/><\/p>\n<td>\n<\/tr>\n<\/td>\n<\/tr>\n<\/tbody>\n<\/table>\n<p><!--nextpage--><\/p>\n<table>\n<tbody>\n<tr>\n<td>\n<p><img loading=\"lazy\" decoding=\"async\" src=\"http:\/\/naturschoen-kosmetik.de\/wp-content\/uploads\/2014\/09\/Meso_Behandlung_walze_k.jpg\" alt=\"\" title=\"Meso_Behandlung_walze_k\" width=\"430\" height=\"363\" class=\"aligncenter size-full wp-image-917\" srcset=\"http:\/\/word.naturschoen-kosmetik.de\/wp-content\/uploads\/2014\/09\/Meso_Behandlung_walze_k.jpg 430w, http:\/\/word.naturschoen-kosmetik.de\/wp-content\/uploads\/2014\/09\/Meso_Behandlung_walze_k-300x253.jpg 300w\" sizes=\"auto, (max-width: 430px) 100vw, 430px\" \/><\/p>\n<h2><strong>Was kann ich mit der Behandlung erreichen?<\/strong><\/h2>\n<p>Durch diese sanfte und schmerzfrei Methode k\u00f6nnen folgende Ergebnisse erzielt werden:<\/p>\n<ul>\n<li style=\"text-indent: 30px;\"><strong>Verminderung von Falten und Linien<\/strong><\/li>\n<li style=\"text-indent: 30px;\"><strong>Gl\u00e4ttung und Verj\u00fcngung des Hautbilds<\/strong><\/li>\n<li style=\"text-indent: 30px;\"><strong>Erh\u00f6hung des Hautvolumens<\/strong><\/li>\n<li style=\"text-indent: 30px;\"><strong>Verminderung von Couperose<\/strong><\/li>\n<li style=\"text-indent: 30px;\"><strong>Reduktion von Cellulite<\/strong><\/li>\n<li style=\"text-indent: 30px;\"><strong>Verringerung von Hautunreinheiten<\/strong><\/li>\n<li style=\"text-indent: 30px;\"><strong>Reduzierung von Hyperpigmentierungen<\/strong><\/li>\n<\/ul>\n<td>\n<\/tr>\n<tr>\n<td>\nSie haben Interesse an einem pers\u00f6nlichen Beratungsgespr\u00e4ch und an einer Schnupperbehandlung mit Mesoporation?<\/p>\n<p>Gerne vereinbare ich mit Ihnen einen Termin, damit Sie die neue dermazeutische Behandlungsmethode kennenlernen, mit der wir sensationelle und nachhaltige Resultate erzielen k\u00f6nnen.<\/p>\n<p>Ich freu mich auch Sie.<\/p>\n<p>Preise:<br \/>\nMesoporation Gesicht 85,-\u20ac<br \/>\nMesoporation Gesicht plus Diamant Microdermabrasion 99,-\u20ac<br \/>\nMesoporation K\u00f6rper ab99,-\u20ac<\/p>\n<\/td>\n<\/tr>\n<\/tbody>\n<\/table>\n","protected":false},"excerpt":{"rendered":"<p>Mesoporation &#8211; Die sanfte Anti-Aging Waffe Hautverj\u00fcngung Gl\u00e4ttung Straffung Cellulitereduktion bei Couperose gegen unreine Haut bei Hyperpigmentierungen Was ist Mesoporation? Mesoporation ist im Bereich der \u00e4sthetischen Kosmetik die derzeit innovativste und effektivste Methode, um Wirkstoffe in tiefere Hautschichten zu transportieren, &hellip; <a href=\"http:\/\/word.naturschoen-kosmetik.de\/?page_id=993\">Continue reading <span class=\"meta-nav\">&rarr;<\/span><\/a><\/p>\n","protected":false},"author":1,"featured_media":0,"parent":0,"menu_order":0,"comment_status":"closed","ping_status":"closed","template":"onecolumn-page.php","meta":{"footnotes":""},"class_list":["post-993","page","type-page","status-publish","hentry"],"aioseo_notices":[],"_links":{"self":[{"href":"http:\/\/word.naturschoen-kosmetik.de\/index.php?rest_route=\/wp\/v2\/pages\/993","targetHints":{"allow":["GET"]}}],"collection":[{"href":"http:\/\/word.naturschoen-kosmetik.de\/index.php?rest_route=\/wp\/v2\/pages"}],"about":[{"href":"http:\/\/word.naturschoen-kosmetik.de\/index.php?rest_route=\/wp\/v2\/types\/page"}],"author":[{"embeddable":true,"href":"http:\/\/word.naturschoen-kosmetik.de\/index.php?rest_route=\/wp\/v2\/users\/1"}],"replies":[{"embeddable":true,"href":"http:\/\/word.naturschoen-kosmetik.de\/index.php?rest_route=%2Fwp%2Fv2%2Fcomments&post=993"}],"version-history":[{"count":5,"href":"http:\/\/word.naturschoen-kosmetik.de\/index.php?rest_route=\/wp\/v2\/pages\/993\/revisions"}],"predecessor-version":[{"id":1097,"href":"http:\/\/word.naturschoen-kosmetik.de\/index.php?rest_route=\/wp\/v2\/pages\/993\/revisions\/1097"}],"wp:attachment":[{"href":"http:\/\/word.naturschoen-kosmetik.de\/index.php?rest_route=%2Fwp%2Fv2%2Fmedia&parent=993"}],"curies":[{"name":"wp","href":"https:\/\/api.w.org\/{rel}","templated":true}]}}