{"id":988,"date":"2015-04-01T09:37:32","date_gmt":"2015-04-01T09:37:32","guid":{"rendered":"http:\/\/naturschoen-kosmetik.de\/?page_id=988"},"modified":"2015-10-01T18:29:52","modified_gmt":"2015-10-01T18:29:52","slug":"startseite-2","status":"publish","type":"page","link":"http:\/\/word.naturschoen-kosmetik.de\/","title":{"rendered":"STARTSEITE"},"content":{"rendered":"<table cellspacing=\"2\" cellpadding=\"2\">\n<tbody>\n<tr>\n<td>\n<strong>Herzlich willkommen im Kosmetikstudio natursch\u00f6n in Ludwigsburg <\/strong><\/p>\n<p>Ihre Haut ist kostbar! G\u00f6nnen Sie sich eine Pause vom Alltag und verschaffen Sie Ihrer Haut die Regeneration, die sie braucht.<\/p>\n<p>Ich biete Ihnen folgende Leistungen:<strong><span style=\"color: #ff0000;\"> <\/span><\/strong><\/p>\n<ul>\n<li style=\"text-indent: 30px;\">Dauerhafte Haarentfernung (IPL &#8211; Technologie)<\/li>\n<li style=\"text-indent: 30px;\">Permanent Make Up<\/li>\n<li style=\"text-indent: 30px;\">DIAMANT &#8211; Microdermabrasion<\/li>\n<li style=\"text-indent: 30px;\">Dermazeutische Fruchts\u00e4uren Behandlung<\/li>\n<li style=\"text-indent: 30px;\">Mesoporation<\/li>\n<li style=\"text-indent: 30px;\">Anti &#8211; Aging<\/li>\n<li style=\"text-indent: 30px;\">Unreinhaut Behandlung<\/li>\n<li style=\"text-indent: 30px;\">Green Peeel Kr\u00e4utersch\u00e4lkur<\/li>\n<li style=\"text-indent: 30px;\">Make Up Beratung<\/li>\n<li style=\"text-indent: 30px;\">Make Up Kurs<\/li>\n<li style=\"text-indent: 30px;\">Pigmentfleckenenbehandlung<\/li>\n<li style=\"text-indent: 30px;\">Cellulitebehandlung<\/li>\n<li style=\"text-indent: 30px;\">Schr\u00f6pfmassage<\/li>\n<li style=\"text-indent: 30px;\">Sch\u00fcler- und Studenten-Rabatte<\/li>\n<li style=\"text-indent: 30px;\">Geschenkgutscheine (kostenloser Versand)<\/li>\n<li style=\"text-indent: 30px;\">Produktberatung<\/li>\n<li style=\"text-indent: 30px;\">Unverbindliche Beratungsgespr\u00e4ch<\/li>\n<\/ul>\n<div><strong>Nat\u00fcrlich sch\u00f6ne Haut mit natursch\u00f6n.<\/strong><\/div>\n<div>Ich freue mich auf Ihren Besuch.<\/div>\n<\/td>\n<\/tr>\n<\/tbody>\n<\/table>\n<p><!--nextpage--><\/p>\n<style type=\"text\/css\">\n#rundrum {\n  border-width:2px;\n  border-style:solid;\n  border-color:#ee0000;\n  padding:1.0em;\n}\n<\/style>\n<table>\n<tr>\n<td>\n<h3>\n<span style=\"color: #ee0000;\"> <\/span><\/strong><\/h3>\n<\/td>\n<\/tr>\n<tr>\n<td>\n<p id=\"rundrum\"><strong>WIR VERGR\u00d6\u00dfERN UNS F\u00dcR SIE!<\/strong><br \/>\nAb dem 01.12.2015 freuen wir uns sehr, Sie in unseren neuen<br \/>\nR\u00e4umlichkeiten in der<br \/>\nElfriede-Breitenbach-Stra\u00dfe 2<br \/>\n71640 Ludwigsburg (Harteneckerh\u00f6he)<br \/>\nempfangen zu k\u00f6nnen!<br \/>\nBis zum 30.11.2015 sind wir weiterhin in unseren R\u00e4umlichkeiten f\u00fcr Sie da.\n<\/p>\n<p><strong><span style=\"color: #ee0000;\">Stellenangebot: F\u00fcr unser Team suchen wir eine erfahrene und flexible Kosmetikerin in Teilzeit. Bei Interesse k\u00f6nnen Sie uns gerne per E-Mail oder telefonisch kontaktieren.<\/span><\/strong><\/p>\n<\/td>\n<\/tr>\n<\/table>\n","protected":false},"excerpt":{"rendered":"<p>Herzlich willkommen im Kosmetikstudio natursch\u00f6n in Ludwigsburg Ihre Haut ist kostbar! G\u00f6nnen Sie sich eine Pause vom Alltag und verschaffen Sie Ihrer Haut die Regeneration, die sie braucht. Ich biete Ihnen folgende Leistungen: Dauerhafte Haarentfernung (IPL &#8211; Technologie) Permanent Make &hellip; <a href=\"http:\/\/word.naturschoen-kosmetik.de\/\">Continue reading <span class=\"meta-nav\">&rarr;<\/span><\/a><\/p>\n","protected":false},"author":1,"featured_media":0,"parent":0,"menu_order":0,"comment_status":"closed","ping_status":"closed","template":"onecolumn-page.php","meta":{"footnotes":""},"class_list":["post-988","page","type-page","status-publish","hentry"],"aioseo_notices":[],"_links":{"self":[{"href":"http:\/\/word.naturschoen-kosmetik.de\/index.php?rest_route=\/wp\/v2\/pages\/988","targetHints":{"allow":["GET"]}}],"collection":[{"href":"http:\/\/word.naturschoen-kosmetik.de\/index.php?rest_route=\/wp\/v2\/pages"}],"about":[{"href":"http:\/\/word.naturschoen-kosmetik.de\/index.php?rest_route=\/wp\/v2\/types\/page"}],"author":[{"embeddable":true,"href":"http:\/\/word.naturschoen-kosmetik.de\/index.php?rest_route=\/wp\/v2\/users\/1"}],"replies":[{"embeddable":true,"href":"http:\/\/word.naturschoen-kosmetik.de\/index.php?rest_route=%2Fwp%2Fv2%2Fcomments&post=988"}],"version-history":[{"count":10,"href":"http:\/\/word.naturschoen-kosmetik.de\/index.php?rest_route=\/wp\/v2\/pages\/988\/revisions"}],"predecessor-version":[{"id":1046,"href":"http:\/\/word.naturschoen-kosmetik.de\/index.php?rest_route=\/wp\/v2\/pages\/988\/revisions\/1046"}],"wp:attachment":[{"href":"http:\/\/word.naturschoen-kosmetik.de\/index.php?rest_route=%2Fwp%2Fv2%2Fmedia&parent=988"}],"curies":[{"name":"wp","href":"https:\/\/api.w.org\/{rel}","templated":true}]}}