{"id":1078,"date":"2015-04-01T13:36:27","date_gmt":"2015-04-01T13:36:27","guid":{"rendered":"http:\/\/naturschoen-kosmetik.de\/?page_id=1078"},"modified":"2015-04-01T13:38:26","modified_gmt":"2015-04-01T13:38:26","slug":"green-peel","status":"publish","type":"page","link":"http:\/\/word.naturschoen-kosmetik.de\/?page_id=1078","title":{"rendered":"GREEN PEEL"},"content":{"rendered":"<table cellspacing=\"2\" cellpadding=\"2\">\n<tbody>\n<tr>\n<td>\n<img loading=\"lazy\" decoding=\"async\" src=\"http:\/\/naturschoen-kosmetik.de\/wp-content\/uploads\/2015\/04\/schrammek_klein.jpg\" alt=\"\" title=\"schrammek_logo\" width=\"150\" height=\"52\" class=\"alignleft size-full wp-image-1074\" \/>\n<\/td>\n<\/tr>\n<tr>\n<td>\n<h2><strong>In 5 Tagen eine neue Haut<\/strong><\/h2>\n<p>Der Traum von ewiger Jugend ist so alt wie die Menschheit selbst.<\/p>\n<p>Ein gepflegtes \u00c4u\u00dferes hat in der ganzen Welt einen hohen Stellenwert. Die GREEN PEEL\u00ae Kr\u00e4utersch\u00e4lbehandlungen sind f\u00fcr nahezu jeden Hauttyp geeignet und bieten eine besonders gro\u00dfe Behandlungsvielfalt mit einem Erfahrungszeitraum von mehr als 50 Jahren. Ob als kurative Behandlung mit Anti-Aging Wirkung, als Behandlung f\u00fcr eine sonnenverw\u00f6hnte, stark verhornte oder unreine Haut oder gar als Behandlung zur Straffung der K\u00f6rpersilhouette: Die GREEN PEEL\u00ae Kr\u00e4utersch\u00e4lkur bietet f\u00fcr all diese Hautprobleme die passende L\u00f6sung:\n<\/td>\n<\/tr>\n<\/td>\n<\/tr>\n<\/tbody>\n<\/table>\n<p><!--nextpage--><\/p>\n<table cellspacing=\"2\" cellpadding=\"2\">\n<tbody>\n<tr>\n<td>GREEN PEEL\u00ae Kr\u00e4utersch\u00e4lkur CLASSIC &#8211; Die Sch\u00e4lkur mit Intensivwirkung &#8211; sichtbar weniger Hautprobleme.<br \/>\nZur Abflachung von Narben, bei Akne, intensive Behandlung bei sehr tief liegenden und zahlreichen Mitessern und bei Schwangerschaftsstreifen inkl. Pflegeset f\u00fcr die Nachbehandlung.<\/td>\n<td style=\"text-align: right;\">295,-\u20ac<\/td>\n<\/tr>\n<tr>\n<td>GREEN PEEL\u00ae Kr\u00e4utersch\u00e4lkur ENERGY &#8211; vitalisiert und regeneriert die Haut sichtbar. <\/td>\n<td style=\"text-align: right;\">170,-\u20ac<\/td>\n<\/tr>\n<tr>\n<td>GREEN PEEL\u00ae Kr\u00e4utersch\u00e4lkur FRESH UP &#8211; Die sanfte Methode f\u00fcr mehr Frische und Spannkraft.<\/td>\n<td style=\"text-align: right;\">90,-\u20ac<\/td>\n<\/tr>\n<\/tbody>\n<\/table>\n","protected":false},"excerpt":{"rendered":"<p>In 5 Tagen eine neue Haut Der Traum von ewiger Jugend ist so alt wie die Menschheit selbst. Ein gepflegtes \u00c4u\u00dferes hat in der ganzen Welt einen hohen Stellenwert. Die GREEN PEEL\u00ae Kr\u00e4utersch\u00e4lbehandlungen sind f\u00fcr nahezu jeden Hauttyp geeignet und &hellip; <a href=\"http:\/\/word.naturschoen-kosmetik.de\/?page_id=1078\">Continue reading <span class=\"meta-nav\">&rarr;<\/span><\/a><\/p>\n","protected":false},"author":1,"featured_media":0,"parent":0,"menu_order":0,"comment_status":"closed","ping_status":"closed","template":"onecolumn-page.php","meta":{"footnotes":""},"class_list":["post-1078","page","type-page","status-publish","hentry"],"aioseo_notices":[],"_links":{"self":[{"href":"http:\/\/word.naturschoen-kosmetik.de\/index.php?rest_route=\/wp\/v2\/pages\/1078","targetHints":{"allow":["GET"]}}],"collection":[{"href":"http:\/\/word.naturschoen-kosmetik.de\/index.php?rest_route=\/wp\/v2\/pages"}],"about":[{"href":"http:\/\/word.naturschoen-kosmetik.de\/index.php?rest_route=\/wp\/v2\/types\/page"}],"author":[{"embeddable":true,"href":"http:\/\/word.naturschoen-kosmetik.de\/index.php?rest_route=\/wp\/v2\/users\/1"}],"replies":[{"embeddable":true,"href":"http:\/\/word.naturschoen-kosmetik.de\/index.php?rest_route=%2Fwp%2Fv2%2Fcomments&post=1078"}],"version-history":[{"count":14,"href":"http:\/\/word.naturschoen-kosmetik.de\/index.php?rest_route=\/wp\/v2\/pages\/1078\/revisions"}],"predecessor-version":[{"id":1092,"href":"http:\/\/word.naturschoen-kosmetik.de\/index.php?rest_route=\/wp\/v2\/pages\/1078\/revisions\/1092"}],"wp:attachment":[{"href":"http:\/\/word.naturschoen-kosmetik.de\/index.php?rest_route=%2Fwp%2Fv2%2Fmedia&parent=1078"}],"curies":[{"name":"wp","href":"https:\/\/api.w.org\/{rel}","templated":true}]}}