{"id":1024,"date":"2015-04-01T10:09:52","date_gmt":"2015-04-01T10:09:52","guid":{"rendered":"http:\/\/naturschoen-kosmetik.de\/?page_id=1024"},"modified":"2015-09-27T18:57:12","modified_gmt":"2015-09-27T18:57:12","slug":"angebote","status":"publish","type":"page","link":"http:\/\/word.naturschoen-kosmetik.de\/?page_id=1024","title":{"rendered":"ANGEBOTE"},"content":{"rendered":"<table style=\"border: 2px solid #e7e7e7;\" cellspacing=\"2\" cellpadding=\"2\">\n<tbody>\n<tr style=\"background-color: #578cab;\">\n<td style=\"color: white;\"><big><strong>Permanent Make Up Angebot<\/strong><\/big><\/td>\n<\/tr>\n<tr>\n<td style=\"border: 2px solid #e7e7e7;\" cellspacing=\"2\" cellpadding=\"2\">\n<h3><strong>Augen &#8211; Ihre Augen wirken gr\u00f6\u00dfer und ausdrucksst\u00e4rker, Ihre Wimpern dichter<\/p>\n<p>Wimperkranzverdichtung Oberlid &#038; Unterlid<\/h3>\n<p><\/p>\n<blockquote>\n<h3>F\u00fcr 260,-\u20ac statt 360,-\u20ac<\/strong>\n<\/td>\n<\/tr>\n<tr>\n<td>Angebote g\u00fcltig bis 30.11.2015<\/td>\n<\/tr>\n<tr>\n<td>\n<h3><strong>Weitere individuelle Angebote auf Anfrage<\/strong><\/h3>\n<\/td>\n<\/tr>\n<\/tbody>\n<\/table>\n<table style=\"border: 2px solid #e7e7e7;\" cellspacing=\"2\" cellpadding=\"2\">\n<tbody>\n<tr style=\"background-color: #578cab;\">\n<td style=\"color: white;\"><big><strong>Kosmetik Angebote<\/strong><\/big><\/td>\n<\/tr>\n<tr>\n<td style=\"border: 2px solid #e7e7e7;\" cellspacing=\"2\" cellpadding=\"2\">\n<h3><strong>DIAMANT \u2013 Microdermabrasion plus Ultraschall (ca. 60 Min.)<\/p>\n<p>Die Anti Aging Behandlung mit Sofort-Effekt f\u00fcr Sie &#038; Ihn<\/h3>\n<p>Durch die Dermabrasion, werden abgestorbene Hautzellen schonend und effektiv entfernt.<\/p>\n<blockquote>\n<h3>F\u00fcr 65,-\u20ac statt 69,-\u20ac<\/strong>\n<\/td>\n<\/tr>\n<tr>\n<td style=\"border: 2px solid #e7e7e7;\" cellspacing=\"2\" cellpadding=\"2\">\n<h3><strong>Ultraschall Anti-Aging Behandlung<br \/><\/h3>\n<p>Zu jeder Jahreszeit die perfekte Kosmetikbehandlung f\u00fcr Sie &#8211; damit es ein herrliches Beauty-Jahr wird.<\/p>\n<p><\/p>\n<blockquote>\n<h3>F\u00fcr 60,-\u20ac statt 65,-\u20ac<\/strong>\n<\/td>\n<\/tr>\n<tr>\n<td>Angebote g\u00fcltig bis 30.11.2015<\/td>\n<\/tr>\n<tr>\n<td>\n<h3><strong>Weitere individuelle Angebote auf Anfrage<\/strong><\/h3>\n<\/td>\n<\/tr>\n<\/tbody>\n<\/table>\n<table style=\"border: 2px solid #e7e7e7;\" cellspacing=\"2\" cellpadding=\"2\">\n<tbody>\n<tr style=\"background-color: #578cab;\">\n<td style=\"color: white;\"><big><strong>IPL Angebot<\/strong><\/big><\/td>\n<\/tr>\n<tr>\n<td>\n<h3><span style=\"text-decoration: underline;\"><strong>Haarlos sch\u00f6n  &#8211; Dauerhafte Haarentfernung mit IPL- Technologie f\u00fcr SIE und IHN<\/strong><\/span><\/h3>\n<h3><strong>Doppelt  sparen im Kombipaket<br \/>\n6 Behandlungen buchen 5 bezahlen<\/strong><\/h3>\n<p><strong><span style=\"text-decoration: underline;\">Frauen:<\/span><br \/>\nGesicht + Achsel 90,-\u20ac statt 135,-\u20ac<\/strong><\/p>\n<p><strong>Bein komplett + Bikinizone 200,-\u20ac statt 245,-\u20ac<\/strong><\/p>\n<p><strong>Bein komplett + Bikinizone + Achsel 230,-\u20ac statt 295,-\u20ac<\/strong><\/p>\n<p><strong><span style=\"text-decoration: underline;\">M\u00e4nner:<\/span><br \/>\nR\u00fccken + Brust + Bauch 250,-\u20ac statt 320,-\u20ac<\/strong><\/p>\n<p><strong>R\u00fccken + Brust + Bauch + Achsel 280,-\u20ac statt 380,-\u20ac<\/strong><\/p>\n<p><strong>Achsel + Wangen 70,-\u20ac statt 90,-\u20ac<\/strong>\n<\/td>\n<\/tr>\n<tr>\n<td>Angebot g\u00fcltig bis 30.11.2015<\/td>\n<\/tr>\n<tr>\n<td>\n<h3><strong>Weitere individuelle Angebote auf Anfrage<\/strong><\/h3>\n<\/td>\n<\/tr>\n<\/tbody>\n<tr>\n<td>\n<\/td>\n<\/tr>\n<\/tbody>\n<\/table>\n","protected":false},"excerpt":{"rendered":"<p>Permanent Make Up Angebot Augen &#8211; Ihre Augen wirken gr\u00f6\u00dfer und ausdrucksst\u00e4rker, Ihre Wimpern dichter Wimperkranzverdichtung Oberlid &#038; Unterlid F\u00fcr 260,-\u20ac statt 360,-\u20ac Angebote g\u00fcltig bis 30.11.2015 Weitere individuelle Angebote auf Anfrage Kosmetik Angebote DIAMANT \u2013 Microdermabrasion plus Ultraschall (ca. &hellip; <a href=\"http:\/\/word.naturschoen-kosmetik.de\/?page_id=1024\">Continue reading <span class=\"meta-nav\">&rarr;<\/span><\/a><\/p>\n","protected":false},"author":1,"featured_media":0,"parent":0,"menu_order":0,"comment_status":"closed","ping_status":"closed","template":"","meta":{"footnotes":""},"class_list":["post-1024","page","type-page","status-publish","hentry"],"aioseo_notices":[],"_links":{"self":[{"href":"http:\/\/word.naturschoen-kosmetik.de\/index.php?rest_route=\/wp\/v2\/pages\/1024","targetHints":{"allow":["GET"]}}],"collection":[{"href":"http:\/\/word.naturschoen-kosmetik.de\/index.php?rest_route=\/wp\/v2\/pages"}],"about":[{"href":"http:\/\/word.naturschoen-kosmetik.de\/index.php?rest_route=\/wp\/v2\/types\/page"}],"author":[{"embeddable":true,"href":"http:\/\/word.naturschoen-kosmetik.de\/index.php?rest_route=\/wp\/v2\/users\/1"}],"replies":[{"embeddable":true,"href":"http:\/\/word.naturschoen-kosmetik.de\/index.php?rest_route=%2Fwp%2Fv2%2Fcomments&post=1024"}],"version-history":[{"count":9,"href":"http:\/\/word.naturschoen-kosmetik.de\/index.php?rest_route=\/wp\/v2\/pages\/1024\/revisions"}],"predecessor-version":[{"id":1068,"href":"http:\/\/word.naturschoen-kosmetik.de\/index.php?rest_route=\/wp\/v2\/pages\/1024\/revisions\/1068"}],"wp:attachment":[{"href":"http:\/\/word.naturschoen-kosmetik.de\/index.php?rest_route=%2Fwp%2Fv2%2Fmedia&parent=1024"}],"curies":[{"name":"wp","href":"https:\/\/api.w.org\/{rel}","templated":true}]}}