{"id":1004,"date":"2015-04-01T10:02:15","date_gmt":"2015-04-01T10:02:15","guid":{"rendered":"http:\/\/naturschoen-kosmetik.de\/?page_id=1004"},"modified":"2015-04-01T10:02:29","modified_gmt":"2015-04-01T10:02:29","slug":"micro-needling","status":"publish","type":"page","link":"http:\/\/word.naturschoen-kosmetik.de\/?page_id=1004","title":{"rendered":"MICRO-NEEDLING"},"content":{"rendered":"<table cellspacing=\"2\" cellpadding=\"2\">\n<tbody>\n<tr>\n<td>\n<h1><strong>Micro-Needling &#8211;<br \/>\nDas neue Lifting ohne Skalpell<br \/>\n<\/strong><\/h1>\n<\/td>\n<\/tr>\n<tr>\n<td>\n<h2><strong>Mesotherapie mit dem Dermaroller<\/strong><\/h2>\n<p>Das Micro Needling, auch Derma Akupunktur genannt, ist eine medizinische Behandlungsform zur Verbesserung der Hautstruktur und des Hauterneuerungsverm\u00f6gens, bei der mit einem sogenannten Dermaroller behandelt wird.<\/p>\n<p>Diese Methode ist vielseitig anwendbar, gut behandelbar sind folgende Probleme:<\/p>\n<ul>\n<li style=\"text-indent: 30px;\"><strong>sonnengesch\u00e4digte Haut<\/strong><\/li>\n<li style=\"text-indent: 30px;\"><strong>Cellulite<\/strong><\/li>\n<li style=\"text-indent: 30px;\"><strong>Pigmentst\u00f6rungen<\/strong><\/li>\n<li style=\"text-indent: 30px;\"><strong>Narben<\/strong><\/li>\n<li style=\"text-indent: 30px;\"><strong>schlaffes Gewebe<\/strong><\/li>\n<li style=\"text-indent: 30px;\"><strong>Falten<\/strong><\/li>\n<\/ul>\n<p>Der Dermaroller\u00ae &#8211; auch Mesoroller genannt &#8211; besteht aus einer kleinen 2cm dicken Kunststoffwalze, in der winzige, sehr feine Nadeln eingelassen sind. Abh\u00e4ngig von der jeweiligen Nadell\u00e4nge des Rollers sind zwei Behandlungsverfahren m\u00f6glich.<\/p>\n<h2><strong>Mesotherapie mit dem Dermaroller<\/strong><\/h2>\n<p>Die sogenannte Mesotherapie erfolgt mit kurzen Nadeln, durch die die Wirkstoffe, die auf der Haut aufgetragen werden, intensiver eingebracht werden k\u00f6nnen.  F\u00fcr einen l\u00e4nger anhaltenden Frischeeffekt der Haut und des Teints. Nadeln mit bis 1 mm L\u00e4nge gelten als kurz. Zu den klassischen Anwendungsbereichen dieser Form der Mesotherapie geh\u00f6ren: Gesicht, Hals und Dekollet\u00e9.<\/p>\n<p>Die Methode l\u00e4uft in mehreren Schritten ab. Zun\u00e4chst wird das zu behandelnde Areal desinfiziert. Auf die zu behandelnde Hautstelle wird Hyalurons\u00e4ure aufgetragen, die Ergebnisse k\u00f6nnen zus\u00e4tzlich mit Wachstumsfaktoren (k\u00f6rpereigenen Proteinen, die nach einer Blutabnahme in einem speziellen Verfahren aus dem Blut des Patienten gewonnen werden) optimiert werden. Durch die Anwendung des Dermarollers werden die auf der Hautoberfl\u00e4che applizierten Wirkstoffe in die Dermis transportiert, wo sie weiter in tiefere Hautschichten diffundieren. Die Micro Needling Mesotherapie gl\u00e4ttet die Haut sichtbar, verbessert ihre Textur, das Hautbild wirkt danach fester, frischer und j\u00fcnger. In der Regel sollten 6 Behandlungen in w\u00f6chentlichem Abstand durchgef\u00fchrt werden, danach dann etwa alle 2 Monate.\n<\/td>\n<\/tr>\n<\/tbody>\n<\/table>\n<p><!--nextpage--><\/p>\n<table cellspacing=\"2\" cellpadding=\"2\">\n<tbody>\n<tr>\n<td>\n<h2><strong>Tiefergehende Behandlung mit dem Mesoroller<\/strong><\/h2>\n<p>Mit Nadeln ab 1,5mm L\u00e4nge sind deutlich sichtbare und langanhaltende Ergebnisse und Verbesserungen der Hautstruktur m\u00f6glich. Diese tiefer gehende Behandlungsvariante mit dem Mesoroller hinterl\u00e4sst Mikroverletzungen im Bindegewebe, sodass Reparaturvorg\u00e4nge in Gang gesetzt werden und die Regeneration neuer Hautzellen aktiviert wird. Langfristig bildet das Bindegewebe an diesen Stellen neues Kollagen und Elasthin, wodurch die Struktur der Haut ganz gezielt verbessert werden kann.<\/p>\n<p>Speziell f\u00fcr Problemzonen, wie sie etwa an den Beinen vorkommen, eignet sich ein Cocktail aus Hyalurons\u00e4ure, Proteinen und zus\u00e4tzlich entschlackenden Stoffen wie Vitaminen, Koffein oder Phosphatidylcholin (der Wirkstoff der \u201eFett-Weg-Spritze\u201c).<\/p>\n<h2><strong>Micro-Needling zur Narbenbehandlung<\/strong><\/h2>\n<p>Eine weitere Indikation f\u00fcr das Verfahren des Mesorollers mit langen Nadeln sind Narben, versursacht durch Operationen oder beispielsweise Akne. Narbengewebe ist eine Art Ersatzgewebe, welches durchblutungsarm und je nach Auspr\u00e4gung weich bis verh\u00e4rtet sein kann. Durch die Stimulation der Nadeln werden die Kollagenfaserb\u00fcndel an diesen Stellen im Gewebe aufgelockert und neu formiert.<\/p>\n<p>Da bei diesem Verfahren im Gegensatz zu ablativen Methoden die Epidermis nicht zerst\u00f6rt wird, besteht kein Risiko einer behandlungsbedingten Pigmentst\u00f6rung. Nach der Behandlung kann es vor\u00fcbergehend zu leichten R\u00f6tungen bzw. Schwellungen oder Bluterg\u00fcssen kommen. Wir empfehlen je nach Befund 3 Behandlungen in einem Abstand von 6-8 Wochen. <\/p>\n<p>Auch in Hollywood verleiht das Micro-Needling Angelina Jolie zu ihrer jugendlichen, makellosen Haut. Micro-Needling ist ein sehr erfolgreiches Verfahren, ohne Operation zu deutlich strafferer Haut zu kommen.<\/p>\n<\/td>\n<\/tr>\n<\/tbody>\n<\/table>\n","protected":false},"excerpt":{"rendered":"<p>Micro-Needling &#8211; Das neue Lifting ohne Skalpell Mesotherapie mit dem Dermaroller Das Micro Needling, auch Derma Akupunktur genannt, ist eine medizinische Behandlungsform zur Verbesserung der Hautstruktur und des Hauterneuerungsverm\u00f6gens, bei der mit einem sogenannten Dermaroller behandelt wird. Diese Methode ist &hellip; <a href=\"http:\/\/word.naturschoen-kosmetik.de\/?page_id=1004\">Continue reading <span class=\"meta-nav\">&rarr;<\/span><\/a><\/p>\n","protected":false},"author":1,"featured_media":0,"parent":0,"menu_order":0,"comment_status":"closed","ping_status":"closed","template":"onecolumn-page.php","meta":{"footnotes":""},"class_list":["post-1004","page","type-page","status-publish","hentry"],"aioseo_notices":[],"_links":{"self":[{"href":"http:\/\/word.naturschoen-kosmetik.de\/index.php?rest_route=\/wp\/v2\/pages\/1004","targetHints":{"allow":["GET"]}}],"collection":[{"href":"http:\/\/word.naturschoen-kosmetik.de\/index.php?rest_route=\/wp\/v2\/pages"}],"about":[{"href":"http:\/\/word.naturschoen-kosmetik.de\/index.php?rest_route=\/wp\/v2\/types\/page"}],"author":[{"embeddable":true,"href":"http:\/\/word.naturschoen-kosmetik.de\/index.php?rest_route=\/wp\/v2\/users\/1"}],"replies":[{"embeddable":true,"href":"http:\/\/word.naturschoen-kosmetik.de\/index.php?rest_route=%2Fwp%2Fv2%2Fcomments&post=1004"}],"version-history":[{"count":3,"href":"http:\/\/word.naturschoen-kosmetik.de\/index.php?rest_route=\/wp\/v2\/pages\/1004\/revisions"}],"predecessor-version":[{"id":1007,"href":"http:\/\/word.naturschoen-kosmetik.de\/index.php?rest_route=\/wp\/v2\/pages\/1004\/revisions\/1007"}],"wp:attachment":[{"href":"http:\/\/word.naturschoen-kosmetik.de\/index.php?rest_route=%2Fwp%2Fv2%2Fmedia&parent=1004"}],"curies":[{"name":"wp","href":"https:\/\/api.w.org\/{rel}","templated":true}]}}